{"id":1990,"date":"2025-12-14T22:10:58","date_gmt":"2025-12-14T21:10:58","guid":{"rendered":"https:\/\/celine-bonacina.com\/?page_id=1990"},"modified":"2026-03-10T15:11:52","modified_gmt":"2026-03-10T14:11:52","slug":"2026-2","status":"publish","type":"page","link":"https:\/\/celine-bonacina.com\/en\/2026-2\/","title":{"rendered":"2026"},"content":{"rendered":"<p id=\"block-ea6a2b58-f34a-4a31-9395-2fd8da3650c9\"><strong>JANUARY \/ JANVIER<\/strong><\/p>\n\n\n\n<p id=\"block-8e107f88-3ac7-4b10-aaac-8582ac4572e8\"><strong>17\/01:<\/strong> <strong>Emmanuel Bex \u00ab\u00a0Eddy m&rsquo;a dit\u00a0\u00bb <\/strong>@ Th\u00e9\u00e2tre &#8211; Epinal (88) &#8211; France &#8211; <em>Annul\u00e9 \/ Cancelled<\/em><\/p>\n\n\n\n<p><\/p>\n\n\n\n<p><strong>FEBRUARY \/ FEVRIER<\/strong><\/p>\n\n\n\n<p><strong>05\/02: Jam Barikade<\/strong> @ Caf\u00e9 Barikade &#8211; Alen\u00e7on (61)  &#8211; France<\/p>\n\n\n\n<p><strong>07\/02: Duo Colibri<\/strong> @ MuZaik Universe &#8211; &nbsp;Trun (61)  &#8211; France<\/p>\n\n\n\n<p><strong>13\/02: Masterclass C\u00e9line Bonacina<\/strong> @ Cit\u00e9 de la Musique et de la Danse &#8211; Strasbourg (67) &#8211; France<\/p>\n\n\n\n<p><strong>14\/02: Masterclass C\u00e9line Bonacina<\/strong> @  Cit\u00e9 de la Musique et de la Danse &#8211; Strasbourg (67) &#8211; France<\/p>\n\n\n\n<p><strong>15\/02: Concert C\u00e9line Bonacina \/ Sax Factory &amp; HEAR Sax <\/strong>@ Cit\u00e9 de la Musique et de la Danse &#8211; Strasbourg (67) &#8211; France<\/p>\n\n\n\n<p><strong>21\/02<\/strong>: <strong>The Volunteered Slaves<\/strong> @ Sunset &#8211; Paris (75) &#8211; France<\/p>\n\n\n\n<p><\/p>\n\n\n\n<p id=\"block-8c31e9e9-af93-4f85-a42e-45d6384d1954\"><strong>MARCH \/ MARS<\/strong><\/p>\n\n\n\n<p id=\"block-bdd3c148-c794-4d14-9a5d-0c41f2b8cb82\"><strong>07\/03<\/strong>: <strong>Emmanuel Bex \u00ab\u00a0Eddy m&rsquo;a dit\u00a0\u00bb <\/strong>@ Jazz&rsquo;Alp Festival &#8211; Alpe du Grand Serre (38) &#8211; France<\/p>\n\n\n\n<p><\/p>\n\n\n\n<p id=\"block-31f77f83-10c9-40e6-a286-77e6721f48f7\"><strong>APRIL \/ AVRIL<\/strong><\/p>\n\n\n\n<p id=\"block-5c97cac0-fb26-4f0b-9fc5-774224ec6962\"><strong>02\/04<\/strong>: <strong>Soir\u00e9e Jazz<\/strong> @ Le Bercail &#8211; Alen\u00e7on (61) &#8211; France<\/p>\n\n\n\n<p><strong>05\/04<\/strong>: <strong>BenArt Ensemble<\/strong> @ Sunset &#8211; Paris (75) &#8211; France<\/p>\n\n\n\n<p><\/p>\n\n\n\n<p id=\"block-e664ab47-2625-4c66-87b9-1be3b73ed088\"><strong>MAY \/ MA<\/strong>I<\/p>\n\n\n\n<p id=\"block-d7bfa8eb-c575-4b5d-aa58-72914e1ab23d\"><strong>10\/05<\/strong>: <strong>Emmanuel Bex \u00ab\u00a0Eddy m&rsquo;a dit\u00a0\u00bb <\/strong>@ Jazz sous les Pommiers &#8211; Coutances (50) &#8211; France<\/p>\n\n\n\n<p><strong>13\/05<\/strong>: <strong>BenArt Ensemble<\/strong> @ New Morning &#8211; Paris (75) &#8211; France<\/p>\n\n\n\n<p><strong>17\/05: Jam Barikade<\/strong> @ Caf\u00e9 Barikade &#8211; Alen\u00e7on (61) &#8211; France<\/p>\n\n\n\n<p><strong>23\/05: Ludivine Issambourg<\/strong> @ Festival Jazz \u00e0 Saint-Germain-des-Pr\u00e9s &#8211; Paris (75) &#8211; France<\/p>\n\n\n\n<p><strong>29\/05: C\u00e9line Bonacina &amp; Laurent Dehors<\/strong> @ Jazz in Arles (13) &#8211; France<\/p>\n\n\n\n<p><\/p>\n\n\n\n<p><\/p>\n\n\n\n<p id=\"block-561150dc-686b-4cbe-8d7a-f7e44956837a\"><strong>JUNE \/ JUIN<\/strong><\/p>\n\n\n\n<p id=\"block-abd0a8f6-1dbd-4b47-8b14-bfb852e5af6e\"><strong>07\/06<\/strong>: <strong>C\u00e9line Bonacina &amp; Laurent Dehors<\/strong> @ L&rsquo;Estran &#8211; Guidel (56) &#8211; France<\/p>\n\n\n\n<p><strong>11\/06: C\u00e9line Bonacina &amp; Laurent Dehors<\/strong> @ NDR &#8211; Hambourg &#8211; Germany<\/p>\n\n\n\n<p><strong>12\/06: C\u00e9line Bonacina &amp; Laurent Dehors<\/strong> @ NDR &#8211; Hambourg &#8211; Germany<\/p>\n\n\n\n<p><strong>14\/06: C\u00e9line Bonacina &amp; Laurent Dehors<\/strong> @ Jazz \u00e0 Cour et \u00e0 Jardin &#8211; Lyon (69) &#8211; France<\/p>\n\n\n\n<p><strong>17\/06: Ateliers Jazz du CRD d&rsquo;Alen\u00e7on <\/strong>@ Sweat Sweat &#8211; La Yourte du Tympan &#8211; Caen (14) &#8211; France<\/p>\n\n\n\n<p><strong>18\/05: Jam Barikade<\/strong> @ Caf\u00e9 Barikade &#8211; Alen\u00e7on (61) &#8211; France<\/p>\n\n\n\n<p><strong>21\/06: Ateliers Jazz du CRD d&rsquo;Alen\u00e7on<\/strong> @ F\u00eate de la Musique &#8211; Alen\u00e7on (61) &#8211; France<\/p>\n\n\n\n<p><\/p>\n\n\n\n<p id=\"block-7220c646-1295-428e-ad44-a3f349827e4b\"><strong>JULY \/ JUILLET<\/strong><\/p>\n\n\n\n<p><strong>03\/07: Emmanuel Bex \u00ab\u00a0Eddy m&rsquo;a dit\u00a0\u00bb <\/strong>@ Saint-Omer Jaaz Festival &#8211; Saint-Omer (62)<\/p>\n\n\n\n<p id=\"block-2e64e11a-4711-47c8-8ec4-6dad004fb3e9\"><strong>11\/07: C\u00e9line Bonacina &amp; Laurent Dehors<\/strong> @ Au Sud du Nord &#8211; Itteville (91) &#8211; France<\/p>\n\n\n\n<p><\/p>\n\n\n\n<p id=\"block-8ac99422-7f52-48db-b7ea-77b39932f6df\"><strong>AUGUST \/ AOUT<\/strong><\/p>\n\n\n\n<p id=\"block-2486e4bf-9aae-4051-a910-451de357603d\"><strong>01\/08: Lisa Cat-Berro Solaxis<\/strong> @ Jazz \u00e0 Toulon (83) &#8211; France<\/p>\n\n\n\n<p><strong>13\/08:<\/strong> <strong>C\u00e9line Bonacina Jump! <\/strong>@ Jazz Festival &#8211; Frankfurt &#8211; Germany <\/p>\n\n\n\n<p><strong>23\/08: Laurent Dehors OK Boomer<\/strong> @ Montb\u00e9liard (25) &#8211; France<\/p>\n\n\n\n<p><\/p>\n\n\n\n<p id=\"block-4cec612c-6d59-4fe8-8970-9506691ea93c\"><strong>SEPTEMBER \/ SEPTEMBRE<\/strong><\/p>\n\n\n\n<p id=\"block-50d64351-c11a-435e-89a4-64ba4c8429a6\"><\/p>\n\n\n\n<p id=\"block-71edc46d-451a-499c-ab4d-c5bcf000a3cd\"><strong>OCTOBER \/ OCTOBRE<\/strong><\/p>\n\n\n\n<p id=\"block-cfd1bac3-3a4f-4f2c-be9c-c7fb241b721c\"><strong>02\/10<\/strong>: Nguy\u00ean L\u00ea Dark Side 9 @Aachen (Germany)<\/p>\n\n\n\n<p><strong>10\/10: C\u00e9line Bonacina &amp; Laurent Dehors<\/strong> @ Sotteville-l\u00e8s-Rouen (76)<\/p>\n\n\n\n<p id=\"block-6a9dc02e-dbc5-498f-a25d-485c3f35108c\"><strong>NOVEMBRE \/ NOVEMBER<\/strong><\/p>\n\n\n\n<p id=\"block-bc3e30f7-07e3-42b0-97b0-6f25c9996c8c\"><strong>06\/11: C\u00e9line Bonacina Jump!<\/strong> @ Jazz sous les Bigaradiers &#8211; La Gaude (06)<\/p>\n\n\n\n<p id=\"block-873c1a2e-b55a-4efd-b0a7-4ed10e73544b\"><strong>DECEMBRE \/ DECEMBER<\/strong><\/p>\n\n\n\n<p id=\"block-36353b19-6575-48ac-b72b-8b3d5505ccbf\"><\/p>\n\n\n\n<p id=\"block-0ea51490-f9ba-48df-abb8-602d3c726cca\"><\/p>","protected":false},"excerpt":{"rendered":"<p>JANUARY \/ JANVIER 17\/01: Emmanuel Bex \u00ab\u00a0Eddy m&rsquo;a dit\u00a0\u00bb @ Th\u00e9\u00e2tre &#8211; Epinal (88) &#8211; France &#8211; Annul\u00e9 \/ Cancelled FEBRUARY \/ FEVRIER 05\/02: Jam Barikade @ Caf\u00e9 Barikade &#8211; Alen\u00e7on (61) &#8211; France 07\/02: Duo Colibri @ MuZaik Universe &#8211; &nbsp;Trun (61) &#8211; France 13\/02: Masterclass C\u00e9line Bonacina @ Cit\u00e9 de la Musique et [&hellip;]<\/p>\n","protected":false},"author":2,"featured_media":0,"parent":0,"menu_order":0,"comment_status":"closed","ping_status":"closed","template":"","meta":{"footnotes":""},"tags":[],"class_list":["post-1990","page","type-page","status-publish","hentry"],"_links":{"self":[{"href":"https:\/\/celine-bonacina.com\/en\/wp-json\/wp\/v2\/pages\/1990","targetHints":{"allow":["GET"]}}],"collection":[{"href":"https:\/\/celine-bonacina.com\/en\/wp-json\/wp\/v2\/pages"}],"about":[{"href":"https:\/\/celine-bonacina.com\/en\/wp-json\/wp\/v2\/types\/page"}],"author":[{"embeddable":true,"href":"https:\/\/celine-bonacina.com\/en\/wp-json\/wp\/v2\/users\/2"}],"replies":[{"embeddable":true,"href":"https:\/\/celine-bonacina.com\/en\/wp-json\/wp\/v2\/comments?post=1990"}],"version-history":[{"count":10,"href":"https:\/\/celine-bonacina.com\/en\/wp-json\/wp\/v2\/pages\/1990\/revisions"}],"predecessor-version":[{"id":2009,"href":"https:\/\/celine-bonacina.com\/en\/wp-json\/wp\/v2\/pages\/1990\/revisions\/2009"}],"wp:attachment":[{"href":"https:\/\/celine-bonacina.com\/en\/wp-json\/wp\/v2\/media?parent=1990"}],"wp:term":[{"taxonomy":"post_tag","embeddable":true,"href":"https:\/\/celine-bonacina.com\/en\/wp-json\/wp\/v2\/tags?post=1990"}],"curies":[{"name":"wp","href":"https:\/\/api.w.org\/{rel}","templated":true}]}}

<p id="block-ea6a2b58-f34a-4a31-9395-2fd8da3650c9"><strong>JANUARY / JANVIER</strong></p>



<p id="block-8e107f88-3ac7-4b10-aaac-8582ac4572e8"><strong>17/01:</strong> <strong>Emmanuel Bex « Eddy m&rsquo;a dit » </strong>@ Théâtre &#8211; Epinal (88) &#8211; France &#8211; <em>Annulé / Cancelled</em></p>



<p></p>



<p><strong>FEBRUARY / FEVRIER</strong></p>



<p><strong>05/02: Jam Barikade</strong> @ Café Barikade &#8211; Alençon (61)  &#8211; France</p>



<p><strong>07/02: Duo Colibri</strong> @ MuZaik Universe &#8211; &nbsp;Trun (61)  &#8211; France</p>



<p><strong>13/02: Masterclass Céline Bonacina</strong> @ Cité de la Musique et de la Danse &#8211; Strasbourg (67) &#8211; France</p>



<p><strong>14/02: Masterclass Céline Bonacina</strong> @  Cité de la Musique et de la Danse &#8211; Strasbourg (67) &#8211; France</p>



<p><strong>15/02: Concert Céline Bonacina / Sax Factory &amp; HEAR Sax </strong>@ Cité de la Musique et de la Danse &#8211; Strasbourg (67) &#8211; France</p>



<p><strong>21/02</strong>: <strong>The Volunteered Slaves</strong> @ Sunset &#8211; Paris (75) &#8211; France</p>



<p></p>



<p id="block-8c31e9e9-af93-4f85-a42e-45d6384d1954"><strong>MARCH / MARS</strong></p>



<p id="block-bdd3c148-c794-4d14-9a5d-0c41f2b8cb82"><strong>07/03</strong>: <strong>Emmanuel Bex « Eddy m&rsquo;a dit » </strong>@ Jazz&rsquo;Alp Festival &#8211; Alpe du Grand Serre (38) &#8211; France</p>



<p></p>



<p id="block-31f77f83-10c9-40e6-a286-77e6721f48f7"><strong>APRIL / AVRIL</strong></p>



<p id="block-5c97cac0-fb26-4f0b-9fc5-774224ec6962"><strong>02/04</strong>: <strong>Soirée Jazz</strong> @ Le Bercail &#8211; Alençon (61) &#8211; France</p>



<p><strong>05/04</strong>: <strong>BenArt Ensemble</strong> @ Sunset &#8211; Paris (75) &#8211; France</p>



<p></p>



<p id="block-e664ab47-2625-4c66-87b9-1be3b73ed088"><strong>MAY / MA</strong>I</p>



<p id="block-d7bfa8eb-c575-4b5d-aa58-72914e1ab23d"><strong>10/05</strong>: <strong>Emmanuel Bex « Eddy m&rsquo;a dit » </strong>@ Jazz sous les Pommiers &#8211; Coutances (50) &#8211; France</p>



<p><strong>13/05</strong>: <strong>BenArt Ensemble</strong> @ New Morning &#8211; Paris (75) &#8211; France</p>



<p><strong>17/05: Jam Barikade</strong> @ Café Barikade &#8211; Alençon (61) &#8211; France</p>



<p><strong>23/05: Ludivine Issambourg</strong> @ Festival Jazz à Saint-Germain-des-Prés &#8211; Paris (75) &#8211; France</p>



<p><strong>29/05: Céline Bonacina &amp; Laurent Dehors</strong> @ Jazz in Arles (13) &#8211; France</p>



<p></p>



<p></p>



<p id="block-561150dc-686b-4cbe-8d7a-f7e44956837a"><strong>JUNE / JUIN</strong></p>



<p id="block-abd0a8f6-1dbd-4b47-8b14-bfb852e5af6e"><strong>07/06</strong>: <strong>Céline Bonacina &amp; Laurent Dehors</strong> @ L&rsquo;Estran &#8211; Guidel (56) &#8211; France</p>



<p><strong>11/06: Céline Bonacina &amp; Laurent Dehors</strong> @ NDR &#8211; Hambourg &#8211; Germany</p>



<p><strong>12/06: Céline Bonacina &amp; Laurent Dehors</strong> @ NDR &#8211; Hambourg &#8211; Germany</p>



<p><strong>14/06: Céline Bonacina &amp; Laurent Dehors</strong> @ Jazz à Cour et à Jardin &#8211; Lyon (69) &#8211; France</p>



<p><strong>17/06: Ateliers Jazz du CRD d&rsquo;Alençon </strong>@ Sweat Sweat &#8211; La Yourte du Tympan &#8211; Caen (14) &#8211; France</p>



<p><strong>18/05: Jam Barikade</strong> @ Café Barikade &#8211; Alençon (61) &#8211; France</p>



<p><strong>21/06: Ateliers Jazz du CRD d&rsquo;Alençon</strong> @ Fête de la Musique &#8211; Alençon (61) &#8211; France</p>



<p></p>



<p id="block-7220c646-1295-428e-ad44-a3f349827e4b"><strong>JULY / JUILLET</strong></p>



<p><strong>03/07: Emmanuel Bex « Eddy m&rsquo;a dit » </strong>@ Saint-Omer Jaaz Festival &#8211; Saint-Omer (62)</p>



<p id="block-2e64e11a-4711-47c8-8ec4-6dad004fb3e9"><strong>11/07: Céline Bonacina &amp; Laurent Dehors</strong> @ Au Sud du Nord &#8211; Itteville (91) &#8211; France</p>



<p></p>



<p id="block-8ac99422-7f52-48db-b7ea-77b39932f6df"><strong>AUGUST / AOUT</strong></p>



<p id="block-2486e4bf-9aae-4051-a910-451de357603d"><strong>01/08: Lisa Cat-Berro Solaxis</strong> @ Jazz à Toulon (83) &#8211; France</p>



<p><strong>13/08:</strong> <strong>Céline Bonacina Jump! </strong>@ Jazz Festival &#8211; Frankfurt &#8211; Germany </p>



<p><strong>23/08: Laurent Dehors OK Boomer</strong> @ Montbéliard (25) &#8211; France</p>



<p></p>



<p id="block-4cec612c-6d59-4fe8-8970-9506691ea93c"><strong>SEPTEMBER / SEPTEMBRE</strong></p>



<p id="block-50d64351-c11a-435e-89a4-64ba4c8429a6"></p>



<p id="block-71edc46d-451a-499c-ab4d-c5bcf000a3cd"><strong>OCTOBER / OCTOBRE</strong></p>



<p id="block-cfd1bac3-3a4f-4f2c-be9c-c7fb241b721c"><strong>02/10</strong>: Nguyên Lê Dark Side 9 @Aachen (Germany)</p>



<p><strong>10/10: Céline Bonacina &amp; Laurent Dehors</strong> @ Sotteville-lès-Rouen (76)</p>



<p id="block-6a9dc02e-dbc5-498f-a25d-485c3f35108c"><strong>NOVEMBRE / NOVEMBER</strong></p>



<p id="block-bc3e30f7-07e3-42b0-97b0-6f25c9996c8c"><strong>06/11: Céline Bonacina Jump!</strong> @ Jazz sous les Bigaradiers &#8211; La Gaude (06)</p>



<p id="block-873c1a2e-b55a-4efd-b0a7-4ed10e73544b"><strong>DECEMBRE / DECEMBER</strong></p>



<p id="block-36353b19-6575-48ac-b72b-8b3d5505ccbf"></p>



<p id="block-0ea51490-f9ba-48df-abb8-602d3c726cca"></p>

<p>JANUARY / JANVIER 17/01: Emmanuel Bex « Eddy m&rsquo;a dit » @ Théâtre &#8211; Epinal (88) &#8211; France &#8211; Annulé / Cancelled FEBRUARY / FEVRIER 05/02: Jam Barikade @ Café Barikade &#8211; Alençon (61) &#8211; France 07/02: Duo Colibri @ MuZaik Universe &#8211; &nbsp;Trun (61) &#8211; France 13/02: Masterclass Céline Bonacina @ Cité de la Musique et [&hellip;]</p>
